{"version":"1.0","provider_name":"vaasanvaalipiirinvihreat.fi","provider_url":"https:\/\/vaasanvaalipiirinvihreat.fi","author_name":"Yll\u00e4pit\u00e4j\u00e4","author_url":"https:\/\/vaasanvaalipiirinvihreat.fi\/index.php\/author\/sivustomestari\/","title":"Kuka vahtii vahtikoiria? - vaasanvaalipiirinvihreat.fi","type":"rich","width":600,"height":338,"html":"<blockquote class=\"wp-embedded-content\" data-secret=\"vg5c1ZxOOY\"><a href=\"https:\/\/vaasanvaalipiirinvihreat.fi\/index.php\/2019\/12\/07\/kuka-vahtii-vahtikoiria\/\">Kuka vahtii vahtikoiria?<\/a><\/blockquote><iframe sandbox=\"allow-scripts\" security=\"restricted\" src=\"https:\/\/vaasanvaalipiirinvihreat.fi\/index.php\/2019\/12\/07\/kuka-vahtii-vahtikoiria\/embed\/#?secret=vg5c1ZxOOY\" width=\"600\" height=\"338\" title=\"&#8221;Kuka vahtii vahtikoiria?&#8221; &#8212; vaasanvaalipiirinvihreat.fi\" data-secret=\"vg5c1ZxOOY\" frameborder=\"0\" marginwidth=\"0\" marginheight=\"0\" scrolling=\"no\" class=\"wp-embedded-content\"><\/iframe><script>\n\/*! This file is auto-generated *\/\n!function(d,l){\"use strict\";l.querySelector&&d.addEventListener&&\"undefined\"!=typeof URL&&(d.wp=d.wp||{},d.wp.receiveEmbedMessage||(d.wp.receiveEmbedMessage=function(e){var t=e.data;if((t||t.secret||t.message||t.value)&&!\/[^a-zA-Z0-9]\/.test(t.secret)){for(var s,r,n,a=l.querySelectorAll('iframe[data-secret=\"'+t.secret+'\"]'),o=l.querySelectorAll('blockquote[data-secret=\"'+t.secret+'\"]'),c=new RegExp(\"^https?:$\",\"i\"),i=0;i<o.length;i++)o[i].style.display=\"none\";for(i=0;i<a.length;i++)s=a[i],e.source===s.contentWindow&&(s.removeAttribute(\"style\"),\"height\"===t.message?(1e3<(r=parseInt(t.value,10))?r=1e3:~~r<200&&(r=200),s.height=r):\"link\"===t.message&&(r=new URL(s.getAttribute(\"src\")),n=new URL(t.value),c.test(n.protocol))&&n.host===r.host&&l.activeElement===s&&(d.top.location.href=t.value))}},d.addEventListener(\"message\",d.wp.receiveEmbedMessage,!1),l.addEventListener(\"DOMContentLoaded\",function(){for(var e,t,s=l.querySelectorAll(\"iframe.wp-embedded-content\"),r=0;r<s.length;r++)(t=(e=s[r]).getAttribute(\"data-secret\"))||(t=Math.random().toString(36).substring(2,12),e.src+=\"#?secret=\"+t,e.setAttribute(\"data-secret\",t)),e.contentWindow.postMessage({message:\"ready\",secret:t},\"*\")},!1)))}(window,document);\n\/\/# sourceURL=https:\/\/vaasanvaalipiirinvihreat.fi\/wp-includes\/js\/wp-embed.min.js\n<\/script>\n","thumbnail_url":"https:\/\/vaasanvaalipiirinvihreat.fi\/wp-content\/uploads\/2019\/12\/57852617_421204795124082_8842186563984031744_n-ConvertImage.jpg","thumbnail_width":487,"thumbnail_height":487,"description":"&#8221;Median vallan sanotaan kasvaneen viime aikoina. Olen valmis tekem\u00e4\u00e4n saman arvion. Media k\u00e4ytt\u00e4\u00e4 t\u00e4n\u00e4 p\u00e4iv\u00e4n\u00e4 eritt\u00e4in suurta mielipidevaltaa. Olen my\u00f6s samalla sit\u00e4 mielt\u00e4, ett\u00e4 median vastuu ei ole kasvanut samassa suhteessa. Avoimuuden, tasa-arvoisuuden ja tiedostamisen lis\u00e4\u00e4ntyess\u00e4 my\u00f6s median virheet saavat entist\u00e4 julmempia seurauksia.\u201d N\u00e4in kirjoitti Jyrki Katainen jo vuonna 2008 kirjoituksessaan Politiikka, media, valta ja [&hellip;]"}

Ylläpitäjä

&#8221;Median vallan sanotaan kasvaneen viime aikoina. Olen valmis tekemään saman arvion. Media käyttää tänä päivänä erittäin suurta mielipidevaltaa. Olen myös samalla sitä mieltä, että median vastuu ei ole kasvanut samassa suhteessa. Avoimuuden, tasa-arvoisuuden ja tiedostamisen lisääntyessä myös median virheet saavat entistä julmempia seurauksia.” Näin kirjoitti Jyrki Katainen jo vuonna 2008 kirjoituksessaan Politiikka, media, valta ja [&hellip;]
