{"version":"1.0","provider_name":"vaasanvaalipiirinvihreat.fi","provider_url":"https:\/\/vaasanvaalipiirinvihreat.fi","author_name":"Yll\u00e4pit\u00e4j\u00e4","author_url":"https:\/\/vaasanvaalipiirinvihreat.fi\/index.php\/author\/sivustomestari\/","title":"Opitaan rasismista pois - vaasanvaalipiirinvihreat.fi","type":"rich","width":600,"height":338,"html":"<blockquote class=\"wp-embedded-content\" data-secret=\"h6iA87SsUn\"><a href=\"https:\/\/vaasanvaalipiirinvihreat.fi\/index.php\/2021\/05\/17\/opitaan-rasismista-pois\/\">Opitaan rasismista pois<\/a><\/blockquote><iframe sandbox=\"allow-scripts\" security=\"restricted\" src=\"https:\/\/vaasanvaalipiirinvihreat.fi\/index.php\/2021\/05\/17\/opitaan-rasismista-pois\/embed\/#?secret=h6iA87SsUn\" width=\"600\" height=\"338\" title=\"&#8221;Opitaan rasismista pois&#8221; &#8212; vaasanvaalipiirinvihreat.fi\" data-secret=\"h6iA87SsUn\" frameborder=\"0\" marginwidth=\"0\" marginheight=\"0\" scrolling=\"no\" class=\"wp-embedded-content\"><\/iframe><script>\n\/*! This file is auto-generated *\/\n!function(d,l){\"use strict\";l.querySelector&&d.addEventListener&&\"undefined\"!=typeof URL&&(d.wp=d.wp||{},d.wp.receiveEmbedMessage||(d.wp.receiveEmbedMessage=function(e){var t=e.data;if((t||t.secret||t.message||t.value)&&!\/[^a-zA-Z0-9]\/.test(t.secret)){for(var s,r,n,a=l.querySelectorAll('iframe[data-secret=\"'+t.secret+'\"]'),o=l.querySelectorAll('blockquote[data-secret=\"'+t.secret+'\"]'),c=new RegExp(\"^https?:$\",\"i\"),i=0;i<o.length;i++)o[i].style.display=\"none\";for(i=0;i<a.length;i++)s=a[i],e.source===s.contentWindow&&(s.removeAttribute(\"style\"),\"height\"===t.message?(1e3<(r=parseInt(t.value,10))?r=1e3:~~r<200&&(r=200),s.height=r):\"link\"===t.message&&(r=new URL(s.getAttribute(\"src\")),n=new URL(t.value),c.test(n.protocol))&&n.host===r.host&&l.activeElement===s&&(d.top.location.href=t.value))}},d.addEventListener(\"message\",d.wp.receiveEmbedMessage,!1),l.addEventListener(\"DOMContentLoaded\",function(){for(var e,t,s=l.querySelectorAll(\"iframe.wp-embedded-content\"),r=0;r<s.length;r++)(t=(e=s[r]).getAttribute(\"data-secret\"))||(t=Math.random().toString(36).substring(2,12),e.src+=\"#?secret=\"+t,e.setAttribute(\"data-secret\",t)),e.contentWindow.postMessage({message:\"ready\",secret:t},\"*\")},!1)))}(window,document);\n\/\/# sourceURL=https:\/\/vaasanvaalipiirinvihreat.fi\/wp-includes\/js\/wp-embed.min.js\n<\/script>\n","thumbnail_url":"https:\/\/vaasanvaalipiirinvihreat.fi\/wp-content\/uploads\/2025\/01\/Kopio-tiedostosta-Faisa-Egge-scaled-1.jpg","thumbnail_width":2560,"thumbnail_height":1957,"description":"Miksi ihmiset ovat niin suvaitsemattomia erilaisuutta kohtaan? Usein t\u00e4m\u00e4 johtuu pelosta, jota itselleen tuntemattoman ja oudon kohtaaminen synnytt\u00e4\u00e4. T\u00e4m\u00e4 on osittain synnynn\u00e4inen vaisto, mutta kivikautisista vaistoista voi kuitenkin opetella pois ja \u00e4lyllinen ihminen voi p\u00e4\u00e4tt\u00e4\u00e4 olla alistumatta vaiston aiheuttamaan pelkoon. Hyvin suuri osa erilaisuuden pelosta on my\u00f6s ymp\u00e4rist\u00f6n tuotetta, opittua vanhemmilta ja muusta yhteiskunnasta. Erilaisuutta [&hellip;]"}

Ylläpitäjä

Miksi ihmiset ovat niin suvaitsemattomia erilaisuutta kohtaan? Usein tämä johtuu pelosta, jota itselleen tuntemattoman ja oudon kohtaaminen synnyttää. Tämä on osittain synnynnäinen vaisto, mutta kivikautisista vaistoista voi kuitenkin opetella pois ja älyllinen ihminen voi päättää olla alistumatta vaiston aiheuttamaan pelkoon. Hyvin suuri osa erilaisuuden pelosta on myös ympäristön tuotetta, opittua vanhemmilta ja muusta yhteiskunnasta. Erilaisuutta [&hellip;]
