{"id":6,"date":"2008-02-24T23:47:02","date_gmt":"2008-02-24T21:47:02","guid":{"rendered":"http:\/\/www.vavavi.fi\/liity-jaseneksi\/"},"modified":"2024-02-29T15:03:48","modified_gmt":"2024-02-29T13:03:48","slug":"liity-jaseneksi","status":"publish","type":"page","link":"https:\/\/vaasanvaalipiirinvihreat.fi\/tuonti\/","title":{"rendered":"Etusivu"},"content":{"rendered":"<h1 class=\"wp-block-heading\">Tule mukaan rakentamaan vihre\u00e4mp\u00e4\u00e4 maailmaa! Bli medlem i partiet!<\/h1>\n<p class=\"has-medium-font-size\">Vihre\u00e4n liiton j\u00e4senyys on kannanotto maailman menoon.  J\u00e4senen\u00e4 voit halutessasi my\u00f6s itse osallistua aktiivisesti vihreiden toimintaan.<\/p>\n<p class=\"has-medium-font-size\">Maksamalla j\u00e4senmaksun tuet ty\u00f6t\u00e4mme paremman maailman puolesta. <\/p>\n<p class=\"has-medium-font-size\">Medlemskap i De Gr\u00f6na \u00e4r ett uttalande till f\u00f6rm\u00e5n f\u00f6r de gr\u00f6nas v\u00e4rderingar. Om du vill att Finland ska fr\u00e4mja kampen mot klimatkrisen, stoppa f\u00f6rlusten av natur, en h\u00e5llbar ekonomi, investera i utbildning och ta hand om de som har den svagaste positionen, kan du p\u00e5verka dessa saker genom att vara medlem i partiet.<\/p>\n<p class=\"has-medium-font-size\"><a href=\"https:\/\/asiointi.vihreat.fi\/liittymislomake\" target=\"_blank\" rel=\"noreferrer noopener\">Liity j\u00e4seneksi t\u00e4st\u00e4.<\/a> <\/p>\n<p class=\"has-medium-font-size\"><a href=\"https:\/\/asiointi.vihreat.fi\/liittymislomake\">Bli medlem.<\/a><\/p>\n<\/p>\n<figure class=\"wp-block-image size-large\"><img loading=\"lazy\" decoding=\"async\" width=\"644\" height=\"429\" src=\"http:\/\/vaasanvaalipiirinvihreat.fi\/tuonti\/wp-content\/uploads\/2023\/09\/pekka-haavisto-puisto-644x429.jpg\" alt=\"\" class=\"wp-image-1873\" srcset=\"https:\/\/vaasanvaalipiirinvihreat.fi\/tuonti\/wp-content\/uploads\/2023\/09\/pekka-haavisto-puisto-644x429.jpg 644w, https:\/\/vaasanvaalipiirinvihreat.fi\/tuonti\/wp-content\/uploads\/2023\/09\/pekka-haavisto-puisto-300x200.jpg 300w, https:\/\/vaasanvaalipiirinvihreat.fi\/tuonti\/wp-content\/uploads\/2023\/09\/pekka-haavisto-puisto-768x512.jpg 768w, https:\/\/vaasanvaalipiirinvihreat.fi\/tuonti\/wp-content\/uploads\/2023\/09\/pekka-haavisto-puisto-1536x1024.jpg 1536w, https:\/\/vaasanvaalipiirinvihreat.fi\/tuonti\/wp-content\/uploads\/2023\/09\/pekka-haavisto-puisto-400x267.jpg 400w, https:\/\/vaasanvaalipiirinvihreat.fi\/tuonti\/wp-content\/uploads\/2023\/09\/pekka-haavisto-puisto.jpg 1920w\" sizes=\"auto, (max-width: 644px) 100vw, 644px\" \/><\/figure>\n<h3 class=\"wp-block-heading\">Vaasan vaalipiirin alueella vaikuttaa kuusi eri vihre\u00e4\u00e4 yhdistyst\u00e4, jotka ovat<\/h3>\n<p class=\"has-medium-font-size\">Keski-Pohjanmaan Vihre\u00e4t ry, De Gr\u00f6na i Mellersta \u00d6sterbotten rf<br \/>Etel\u00e4-Pohjanmaan Vihre\u00e4t ry<br \/>Vaasan vihre\u00e4t nuoret ja opiskelijat<br \/>Rannikko-Pohjanmaan Vihre\u00e4t ry &#8211; De Gr\u00f6na i Kust\u00f6sterbotten rf<br \/>Lakeuden vihre\u00e4t naiset <br \/>Pietarsaaren Vihre\u00e4t rf &#8211; De Gr\u00f6na i Jakobstad<\/p>\n<\/p>\n<p class=\"has-medium-font-size\">Lis\u00e4tietoja eri yhdistyksist\u00e4 l\u00f6yd\u00e4t <a href=\"https:\/\/vaasanvaalipiirinvihreat.fi\/tuonti\/yhteystiedot\/\" target=\"_blank\" rel=\"noreferrer noopener\">t\u00e4\u00e4lt\u00e4.<\/a><\/p>\n","protected":false},"excerpt":{"rendered":"<p>Tule mukaan rakentamaan vihre\u00e4mp\u00e4\u00e4 maailmaa! Bli medlem i partiet! Vihre\u00e4n liiton j\u00e4senyys on kannanotto maailman menoon. J\u00e4senen\u00e4 voit halutessasi my\u00f6s itse osallistua aktiivisesti vihreiden toimintaan. Maksamalla j\u00e4senmaksun tuet ty\u00f6t\u00e4mme paremman maailman puolesta. Medlemskap i De Gr\u00f6na \u00e4r ett uttalande till f\u00f6rm\u00e5n f\u00f6r de gr\u00f6nas v\u00e4rderingar. Om du vill att Finland ska fr\u00e4mja kampen mot klimatkrisen, [&hellip;]<\/p>\n","protected":false},"author":1,"featured_media":0,"parent":0,"menu_order":0,"comment_status":"closed","ping_status":"closed","template":"","meta":{"footnotes":""},"class_list":["post-6","page","type-page","status-publish","hentry"],"_links":{"self":[{"href":"https:\/\/vaasanvaalipiirinvihreat.fi\/tuonti\/wp-json\/wp\/v2\/pages\/6","targetHints":{"allow":["GET"]}}],"collection":[{"href":"https:\/\/vaasanvaalipiirinvihreat.fi\/tuonti\/wp-json\/wp\/v2\/pages"}],"about":[{"href":"https:\/\/vaasanvaalipiirinvihreat.fi\/tuonti\/wp-json\/wp\/v2\/types\/page"}],"author":[{"embeddable":true,"href":"https:\/\/vaasanvaalipiirinvihreat.fi\/tuonti\/wp-json\/wp\/v2\/users\/1"}],"replies":[{"embeddable":true,"href":"https:\/\/vaasanvaalipiirinvihreat.fi\/tuonti\/wp-json\/wp\/v2\/comments?post=6"}],"version-history":[{"count":11,"href":"https:\/\/vaasanvaalipiirinvihreat.fi\/tuonti\/wp-json\/wp\/v2\/pages\/6\/revisions"}],"predecessor-version":[{"id":1891,"href":"https:\/\/vaasanvaalipiirinvihreat.fi\/tuonti\/wp-json\/wp\/v2\/pages\/6\/revisions\/1891"}],"wp:attachment":[{"href":"https:\/\/vaasanvaalipiirinvihreat.fi\/tuonti\/wp-json\/wp\/v2\/media?parent=6"}],"curies":[{"name":"wp","href":"https:\/\/api.w.org\/{rel}","templated":true}]}}

<h1 class="wp-block-heading">Tule mukaan rakentamaan vihreämpää maailmaa! Bli medlem i partiet!</h1>
<p class="has-medium-font-size">Vihreän liiton jäsenyys on kannanotto maailman menoon.  Jäsenenä voit halutessasi myös itse osallistua aktiivisesti vihreiden toimintaan.</p>
<p class="has-medium-font-size">Maksamalla jäsenmaksun tuet työtämme paremman maailman puolesta. </p>
<p class="has-medium-font-size">Medlemskap i De Gröna är ett uttalande till förmån för de grönas värderingar. Om du vill att Finland ska främja kampen mot klimatkrisen, stoppa förlusten av natur, en hållbar ekonomi, investera i utbildning och ta hand om de som har den svagaste positionen, kan du påverka dessa saker genom att vara medlem i partiet.</p>
<p class="has-medium-font-size"><a href="https://asiointi.vihreat.fi/liittymislomake" target="_blank" rel="noreferrer noopener">Liity jäseneksi tästä.</a> </p>
<p class="has-medium-font-size"><a href="https://asiointi.vihreat.fi/liittymislomake">Bli medlem.</a></p>
</p>
<figure class="wp-block-image size-large"><img loading="lazy" decoding="async" width="644" height="429" src="http://vaasanvaalipiirinvihreat.fi/tuonti/wp-content/uploads/2023/09/pekka-haavisto-puisto-644x429.jpg" alt="" class="wp-image-1873" srcset="https://vaasanvaalipiirinvihreat.fi/tuonti/wp-content/uploads/2023/09/pekka-haavisto-puisto-644x429.jpg 644w, https://vaasanvaalipiirinvihreat.fi/tuonti/wp-content/uploads/2023/09/pekka-haavisto-puisto-300x200.jpg 300w, https://vaasanvaalipiirinvihreat.fi/tuonti/wp-content/uploads/2023/09/pekka-haavisto-puisto-768x512.jpg 768w, https://vaasanvaalipiirinvihreat.fi/tuonti/wp-content/uploads/2023/09/pekka-haavisto-puisto-1536x1024.jpg 1536w, https://vaasanvaalipiirinvihreat.fi/tuonti/wp-content/uploads/2023/09/pekka-haavisto-puisto-400x267.jpg 400w, https://vaasanvaalipiirinvihreat.fi/tuonti/wp-content/uploads/2023/09/pekka-haavisto-puisto.jpg 1920w" sizes="auto, (max-width: 644px) 100vw, 644px" /></figure>
<h3 class="wp-block-heading">Vaasan vaalipiirin alueella vaikuttaa kuusi eri vihreää yhdistystä, jotka ovat</h3>
<p class="has-medium-font-size">Keski-Pohjanmaan Vihreät ry, De Gröna i Mellersta Österbotten rf<br />Etelä-Pohjanmaan Vihreät ry<br />Vaasan vihreät nuoret ja opiskelijat<br />Rannikko-Pohjanmaan Vihreät ry &#8211; De Gröna i Kustösterbotten rf<br />Lakeuden vihreät naiset <br />Pietarsaaren Vihreät rf &#8211; De Gröna i Jakobstad</p>
</p>
<p class="has-medium-font-size">Lisätietoja eri yhdistyksistä löydät <a href="https://vaasanvaalipiirinvihreat.fi/tuonti/yhteystiedot/" target="_blank" rel="noreferrer noopener">täältä.</a></p>

<p>Tule mukaan rakentamaan vihreämpää maailmaa! Bli medlem i partiet! Vihreän liiton jäsenyys on kannanotto maailman menoon. Jäsenenä voit halutessasi myös itse osallistua aktiivisesti vihreiden toimintaan. Maksamalla jäsenmaksun tuet työtämme paremman maailman puolesta. Medlemskap i De Gröna är ett uttalande till förmån för de grönas värderingar. Om du vill att Finland ska främja kampen mot klimatkrisen, [&hellip;]</p>
